, what is -1a746ac + 15?
-1a74697
In base 7, what is -1350 + 620060?
615410
In base 9, what is -8735 + 344?
-8381
In base 2, what is 101 - 101101011000101010101100110?
-101101011000101010101100001
In base 11, what is -18544676 + -3?
-18544679
In base 5, what is 2 + 3032001123?
3032001130
In base 13, what is 12405cc31 - 3?
12405cc2b
In base 8, what is 5 + -5034277?
-5034272
In base 8, what is 642201 - 23?
642156
In base 7, what is -331412 - 33201?
-364613
In base 9, what is 50 - 4784486?
-4784436
In base 13, what is 149015 - 10?
149005
In base 5, what is 1 - -334121003101?
334121003102
In base 3, what is -210221 + 111210?
-22011
In base 14, what is -3 + 331d54c?
331d549
In base 15, what is -3c1831 - -33?
-3c17ed
In base 12, what is 51b + 710?
102b
In base 12, what is 97 + -18b4b?
-18a74
In base 2, what is -11 - -100000100001110111000?
100000100001110110101
In base 12, what is -605266 - -158?
-60510a
In base 14, what is -34625 - -1?
-34624
In base 9, what is -84822 - 5222?
-101144
In base 2, what is 1011101100010001 - -101100001100?
1100011000011101
In base 6, what is -2135125434 + 4?
-2135125430
In base 14, what is -10c2b40 + 1?
-10c2b3d
In base 5, what is 103421 + -112031?
-3110
In base 7, what is -344226 + 1003?
-343223
In base 2, what is -10001011101 - 110001001000?
-1000010100101
In base 10, what is 0 - 8436437?
-8436437
In base 13, what is -4c27b4b + -3?
-4c27b51
In base 10, what is -235828 + 1?
-235827
In base 11, what is 1523 - -1046?
2569
In base 10, what is 3714 - -6926?
10640
In base 8, what is -320 + -3772627?
-3773147
In base 3, what is -222111122 + 1201002?
-220210120
In base 13, what is 189c4a + 458?
18a3a5
In base 9, what is -2 + 2847747?
2847745
In base 13, what is -51984 - 9a2?
-52656
In base 10, what is 0 + -2564829?
-2564829
In base 15, what is -15c6de - -63?
-15c67b
In base 4, what is 121221113022 + 3?
121221113031
In base 15, what is -1d8254 + -7e?
-1d82d3
In base 13, what is -33914 + 40?
-338a4
In base 14, what is -55 - -7c7845?
7c77d0
In base 7, what is 11 + -222156?
-222145
In base 7, what is 102 + -53566035?
-53565633
In base 5, what is 12 + -113432032214?
-113432032202
In base 6, what is -1 + -4112102511?
-4112102512
In base 16, what is 1d104b0 + -4?
1d104ac
In base 9, what is 0 + 2083033?
2083033
In base 8, what is 172161 + -14?
172145
In base 7, what is -100426316344 + -4?
-100426316351
In base 7, what is -16 - 133602454?
-133602503
In base 12, what is -26 - 3a63b1?
-3a6417
In base 10, what is -2 - -17104171?
17104169
In base 13, what is -31 + 2764ab?
27647a
In base 14, what is -3 - 832455?
-832458
In base 10, what is -572478355 - -5?
-572478350
In base 6, what is 215 - 52332300?
-52332041
In base 2, what is 1000010100000 + 111000110000?
1111011010000
In base 15, what is -9 + 8627ac?
8627a3
In base 2, what is 10110110100011111111 - -11?
10110110100100000010
In base 8, what is 2512 - 1206250?
-1203536
In base 12, what is -1b925 - -1029?
-1a8b8
In base 13, what is 1bc5b3 - -3?
1bc5b6
In base 7, what is 1212410054 + 4?
1212410061
In base 8, what is -2 - -532162525?
532162523
In base 13, what is -5 + 429ba04?
429b9cc
In base 10, what is -2 - 1617065?
-1617067
In base 5, what is 2132410301 + 32?
2132410333
In base 11, what is 1337 - 664?
783
In base 16, what is -75cfb39 - -1?
-75cfb38
In base 10, what is -48579 - -132?
-48447
In base 7, what is -3145 + 345112?
341634
In base 4, what is 311300123130 - -1?
311300123131
In base 16, what is 136ab70 + 4?
136ab74
In base 2, what is 111 - -1000100011000101?
1000100011001100
In base 5, what is 11443300 - 24334?
11413411
In base 11, what is 4 + -2a03a498?
-2a03a494
In base 2, what is -101101100001001000000 + 1100?
-101101100001000110100
In base 9, what is 66383 - -861?
67354
In base 14, what is -1b6d946b + -4?
-1b6d9471
In base 6, what is -3331511 - 404?
-3332315
In base 4, what is 2201010101130 + 2?
2201010101132
In base 13, what is -5 + 1615136?
1615131
In base 8, what is 0 + 5662411?
5662411
In base 5, what is 20222 + -2213000?
-2142223
In base 14, what is 35d492 - -b?
35d49d
In base 16, what is 79fea + -1d5?
79e15
In base 7, what is -10 + -10265633?
-10265643
In base 15, what is -1 - 1ced7ac?
-1ced7ad
In base 5, what is -13320323 + -2004?
-13322332
In base 13, what is -1349c70 + 1?
-1349c6c
In base 10, what is -3 - -35568?
35565
In base 3, what is 2111102012020 - -2?
2111102012022
In base 6, what is -10500 - 12142531?
-12153431
In base 11, what is -3443008 + -5?
-3443012
In base 10, what is -5 + 4633517?
4633512
In base 15, what is -19 + -3173c2?
-3173db
In base 11, what is -9695a3 + 28?
-969576
In base 14, what is 13 + 1414990?
14149a3
In base 15, what is -7298eee + -4?
-7299003
In base 11, what is 3128744 + 38?
3128781
In base 16, what is -3 - 5026327?
-502632a
In base 3, what is -10 - 10021111002100?
-10021111002110
In base 5, what is -101 - -1004201101?
1004201000
In base 11, what is -57a38287 + 5?
-57a38282
In base 10, what is 694 - -314147?
314841
In base 2, what is -111010010010011101001 + 101110110?
-111010010001101110011
In base 12, what is -95b - 5627?
-6386
In base 13, what is -1207 - -4c6?
-a11
In base 10, what is 17070 + -5045?
12025
In base 8, what is 2164143360 - -2?
2164143362
In base 7, what is 6230 + -3256?
2641
In base 10, what is 3 - 136625?
-136622
In base 16, what is -1250b + 5fe?
-11f0d
In base 10, what is -3224 + 1670?
-1554
In base 16, what is -2 - 8a0cac4?
-8a0cac6
In base 6, what is -115405010 + -34?
-115405044
In base 7, what is -33461 - 162?
-33653
In base 2, what is 1000000 + -100101001110111000101?
-100101001110110000101
In base 2, what is -1101011 + 10100111100011010011?
10100111100001101000
In base 12, what is -9006b - 612?
-90681
In base 10, what is 45483 - 9?
45474
In base 5, what is 143210 - 443210?
-300000
In base 11, what is 5 + -2374815?
-2374810
In base 6, what is -220310311 + 1?
-220310310
In base 8, what is -157 - 343450?
-343627
In base 3, what is -2011210 - -20010?
-1221200
In base 4, what is -10103222 + -11123?
-10121011
In base 11, what is -1159320 + -4?
-1159324
In base 11, what is -2180290 - 4?
-2180294
In base 5, what is 1012420241434 + -3?
1012420241431
In base 5, what is 12312303032 + -3?
12312303024
In base 8, what is 2163206 + 41?
2163247
In base 10, what is 168 + -658?
-490
In base 14, what is -29 + -2295792?
-22957bb
In base 12, what is -7270a2 - 38?
-72711a
In base 10, what is -2 + -50967412?
-50967414
In base 8, what is -5 - 3573142?
-3573147
In base 11, what is -50 - 1995299?
-1995339
In base 7, what is 0 + 261251400?
261251400
In base 7, what is -100 + 26111245?
26111145
In base 7, what is -35 + -416620?
-416655
In base 15, what is 5da4dbc + -1?
5da4dbb
In base 15, what is 0 - -563705d?
563705d
In base 10, what is 4 + 2267995?
2267999
In base 15, what is 19be4 + 1140?
1ad34
In base 9, what is -2625283 - -143?
-2625140
In base 12, what is 22366a3 - 5?
223669a
In base 2, what is -10001010100000 - -1011001111101101?
1001000101001101
In base 11, what is -28 - aa9884?
-aa9901
In base 7, what is 2010420 - -110?
2010530
In base 16, what is 2 + 57bcc9?
57bccb
In base 5, what is -20344 + 14034?
-1310
In base 13, what is -13b5 - 11847?
-12c2c
In base 13, what is 4 + 7c17c8?
7c17cc
In base 4, what is -33 - -1313233000?
1313232301
In base 5, what is 2 - 2144101341?
-2144101334
In base 11, what is 463267 + 31?
463298
In base 7, what is 3 + 1336663?
1336666
In base 12, what is 18662 + -368?
182b6
In base 8, what is 2 - -41222234?
41222236
In base 4, what is -13333003133 + -2210?
-13333012003
In base 2, what is -10010011000010 - 10010110011010?
-100101001011100
In base 11, what is -26988380 + -2?
-26988382
In base 2, what is -1010 - -111001100100001110100110?
111001100100001110011100
In base 9, what is -15158 + 1011?
-14147
In base 10, what is -415656 - -10?
-415646
In base 14, what is 39 - -79d6?
7a31
In base 16, what is 1a5 + -101fe?
-10059
In base 13, what is -2c4683 - 3?
-2c4686
In base 6, what is -515 - 1435315?
-1440234
In base 10, what is -9 + 635434?
635425
In base 6, what is -334114222 - -4?
-334114214
In base 3, what is -2 - -1212222201000121?
1212222201000112
In base 4, what is 11331130 - 2321002?
3010122
In base 13, what is 36a0ba7 - 5?
36a0ba2
In base 5, what is 10440421 - 42033?
10343333
In base 13, what is 4 + -11